 What are the prime factors of d?
2, 3
Let x(c) = 38*c + 16. Let u(o) = -8*o - 3. Let k(y) = -16*u(y) - 3*x(y). What are the prime factors of k(5)?
2, 5, 7
Suppose -5*i = -3073 - 4187. Suppose -2*s + 726 = -4*a + 3*a, 0 = -4*s - 4*a + i. List the prime factors of s.
3, 11
Suppose 8*v + 11*v = -0*v. Suppose -9*n - 17*n + 21476 = v. What are the prime factors of n?
2, 7, 59
Suppose -3*d = -v - 1339 - 4134, -3*d + 5*v + 5453 = 0. Let n be 17/(-102) - d/(-12). Suppose 3*l = l - 4, 3*l = -2*c + n. List the prime factors of c.
79
Let d(x) be the third derivative of 43*x**5/60 - 5*x**4/8 + x**3/2 - 26*x**2. What are the prime factors of d(3)?
3, 5, 23
Suppose 0 = 43*k - 607306 - 714213. List the prime factors of k.
73, 421
Let p(x) = 13*x**2 + 24*x - 311. List the prime factors of p(-22).
7, 19, 41
Suppose -o + 66 = 61, 3*q - 4*o - 52345 = 0. What are the prime factors of q?
5, 3491
Let i = 67256 + -27650. What are the prime factors of i?
2, 3, 7, 23, 41
Let q(o) = -1202*o + 3775. List the prime factors of q(-10).
3, 5, 13
Let s(y) be the first derivative of -y**6/360 - y**5/24 + y**4/3 - y**3 + 15. Let q(m) be the third derivative of s(m). List the prime factors of q(-4).
2, 3
Let h(g) = g**2 + 27*g - 41. Let a be h(-20). Let u = a - -790. What are the prime factors of u?
3, 7, 29
Suppose -4*l - 146 - 122 = z, -3*l - 561 = 2*z. Let t = z + 484. List the prime factors of t.
2, 7
Suppose 0 = 13*f - 570 + 518. Let p = -447 + 810. Suppose -o - p = -f*o. List the prime factors of o.
11
Suppose 3*o - 35*o + 1634358 = o. What are the prime factors of o?
2, 24763
Let w = -19 + 23. Suppose r + 99 = w*r. Suppose -2*y + r + 11 = 0. List the prime factors of y.
2, 11
Suppose -1105*o + 8470 = x - 1101*o, -5*x - 4*o + 42366 = 0. List the prime factors of x.
2, 19, 223
Let d(t) = -t**2 - 11*t + 17. Let x be d(-12). Suppose 0 = 3*i - 4*p - 969, -x*i + 3*i + 648 = -2*p. Let o = i + -181. What are the prime factors of o?
2, 73
Let b = 112 + -112. Suppose -2*t - 2*f + 1020 = b, -f - 1529 = -3*t - 3*f. List the prime factors of t.
509
Suppose 0 = -4*p + 38 + 202. Suppose -a = 2*a + 3*o - p, a - 20 = -5*o. Let d = a + -14. List the prime factors of d.
2, 3
Let v(t) = 1780*t - 3886. What are the prime factors of v(16)?
2, 3, 4099
Suppose 5*i - 3*k = 16, k = -i - 0*k + 8. Suppose -194 = i*j - y, -3*j - 94 = -0*j + 5*y. Let q = 3 - j. List the prime factors of q.
41
Suppose -5*d + t + 9 = -16, -2*d + 10 = 3*t. List the prime factors of ((-267)/d + 1)/((-396)/2970).
3, 131
Suppose 64*w - 47366 = 63738. List the prime factors of w.
2, 7, 31
Suppose 0 = 3*r + 15, -3*i - r + 49 = -6*r. Suppose i*h = 10*h - 946. What are the prime factors of h?
11, 43
Let h = -64666 - -96163. What are the prime factors of h?
3, 10499
Suppose -4*g = -4*o - 1016, 3*o - 5*g + 242 = 2*o. Let c = o - -512. What are the prime factors of c?
3, 5, 17
Suppose 3*w - 240 = -0*o - 2*o, -2*o + 80 = w. Let t = -1356 - -1401. Let x = w - t. What are the prime factors of x?
5, 7
Let b = -3882 + 2693. Let v = b - -1828. List the prime factors of v.
3, 71
Let q(n) = -25*n**2 - 4*n - 2. Let i(a) = a**2 + a + 1. Let y(k) = 2*i(k) + q(k). Let h be y(-3). List the prime factors of ((-4)/(-2))/((-3)/h).
2, 67
Let n = 1474 + -690. What are the prime factors of n + (6 - -36)/6?
7, 113
Let l(z) = -44*z + 165. Let j be l(6). List the prime factors of 56925/j*(-1 + 0).
5, 23
Let c(j) = -23*j + 3. Suppose 5*x = 3*n, 2*x + 4*n + 25 = -1. Let g(u) = 3*u + 7. Let k be g(x). List the prime factors of c(k).
7
Suppose 4*f + 16 = 0, -i - 5 - 10 = 5*f. Suppose 0 = x + 2 - i. Let b(j) = 12*j**2 - 2*j + 3. What are the prime factors of b(x)?
3, 5, 7
Let m = -310 + 658. What are the prime factors of m?
2, 3, 29
Let q(z) = -6*z**3 - 294*z**2 + 6*z + 37. List the prime factors of q(-50).
14737
Let m = 82 - 80. List the prime factors of 280/30*(m + 66 + 4).
2, 3, 7
List the prime factors of 12/(1344/2120510) + (-1)/8.
3, 6311
List the prime factors of 365/((-4)/8 + 54/100).
5, 73
What are the prime factors of (-930960)/(-14) + (-1 - ((-1245)/105 + 10))?
2, 3, 11083
Suppose 83*s + 1043 = 5088 + 15128. What are the prime factors of s?
3, 7, 11
Let w(f) = -3*f - 16. Let a be w(-7). Suppose -2*c + 0*u + 3*u = -609, -3*u = -a*c + 1545. What are the prime factors of c?
2, 3, 13
Suppose -92*w + 69*w + 607760 - 21053 = 0. What are the prime factors of w?
3, 11, 773
Let x(c) = 2*c**2 + 3*c + 2. Let u be x(-2). Suppose u*k = k + 183. Suppose 2*r = -0*m + m - k, -5*m + 265 = -2*r. What are the prime factors of m?
3, 17
What are the prime factors of -1*(10 + 5) + 948?
3, 311
Suppose -6711 = 32*b - 33*b + 5*f, -20085 = -3*b + 3*f. List the prime factors of b.
6691
Suppose -6*t = -10*t - 3*t. Suppose t = -z + 375 - 84. List the prime factors of z.
3, 97
Let l = 227 - 225. Suppose 0 = -4*x + 7*x - l*c - 2888, 3860 = 4*x - 5*c. What are the prime factors of x?
2, 3, 5
Suppose 0*n = 3*n - 3, 5*t = -n - 694. Let d = 144 + t. What are the prime factors of d?
5
Suppose -3*t + 5120 = 3*n - 7*t, -3*t - 1705 = -n. Suppose -8*m = l - 5*m - 576, 3*l - m - n = 0. What are the prime factors of l?
2, 3, 5, 19
Let y = -17603 - -24996. List the prime factors of y.
7393
Let q = -4 - 0. Let d(s) = -s**2 - 5*s. Let g(o) = -5*o. Let y(t) = -4*d(t) + 3*g(t). List the prime factors of y(q).
2, 11
Suppose 2*w = w + 16. Suppose -484 + 464 = 20*m. What are the prime factors of (w/3)/8*(-111)/m?
2, 37
List the prime factors of 115/(-184) + (-15429)/(-8).
2, 241
Suppose f = -5, t + f - 8 = -9. Let h(o) = -o**3 - 3*o**2 - 6*o + 2. Let d be h(-6). Suppose -d - 202 = -t*a. What are the prime factors of a?
3, 29
Let k = -64 - -105. Suppose -4*c - k = -5*t, 4*t - 32 = -0*t + 3*c. Suppose -83 - 1067 = -t*a. List the prime factors of a.
2, 5, 23
Let j = -134 + 34. Let d = j - -359. What are the prime factors of d?
7, 37
Let r = -73 + 76. List the prime factors of (-212)/(-6) + (-10)/r + 2.
2, 17
Let m(u) = 2*u**3 + 118*u**2 - 9*u + 152. List the prime factors of m(-47).
53591
Let q = 21870 + -13214. What are the prime factors of q?
2, 541
Suppose 27 = -2*u + 4*c - 11, -3*u = -3*c + 51. List the prime factors of u/20 + (-1)/((-24)/25554).
2, 7, 19
Let x = 323 - 330. Let a(n) be the second derivative of n**5/20 + 11*n**4/12 + n**3/3 - 9*n**2/2 + 13*n. What are the prime factors of a(x)?
173
Let g be (-11 + -10 + 171)*(-3)/2. Let k = g + 278. List the prime factors of k.
53
Suppose o + p + 2242 = 18147, -5*p = 0. What are the prime factors of o?
5, 3181
Suppose 0 = a + 5*f - 2056, 5*a + 27*f - 24*f = 10148. What are the prime factors of a?
2, 1013
Let p = 248 + -378. Let d = 579 + p. What are the prime factors of d?
449
Let w be 13*1*(-105)/15. Let o = 113 + w. Suppose a + 5*j + o = 0, 4*j - j = -a - 12. List the prime factors of a.
3
Suppose -2*g + 96 = 4*x, -g + 0 - 4 = 0. Suppose -x*s - 7952 = -42*s. What are the prime factors of s?
7, 71
Let q = 904 - 901. Let c(x) = 7*x**3 + x**2 + 12. List the prime factors of c(q).
2, 3, 5, 7
List the prime factors of 2*(-19 - -13)*(40653/(-12) + 2).
3, 29, 467
Let z = -160 + 133. Let n = 1 - z. What are the prime factors of n?
2, 7
Let u(r) = -3528*r + 550. List the prime factors of u(-6).
2, 10859
Let q = -72 + 80. List the prime factors of q/(-10)*(-2025)/30.
2, 3
Let n be (-13 - -3)*39/26. List the prime factors of (-1)/((-18)/n) - (-6105)/90.
67
Let j(x) = 391*x**3 + 8*x**2 + 7*x. Let z(y) = -y**2 - y. Let f(q) = -j(q) - 6*z(q). Let a be f(-1). Let m = a - 197. What are the prime factors of m?
193
List the prime factors of -5*-2*(-3)/(-45) + (-587715)/(-45).
37, 353
Suppose 91*x + 64966 = 102*x. List the prime factors of x.
2, 2953
Let t = 4 + -40. Let q be (-224)/t - (-2)/(-9). Suppose -j - q = -5*f, 4*j + 21 = 5*j + 4*f. What are the prime factors of j?
3
Let i(h) = h**3 - h**2 + 2*h + 3. Let l be i(0). Suppose -5*d = -2*g + 5*g + 804, -3*d + l*g = 468. Let k = 262 + d. List the prime factors of k.
103
Suppose 0 = -4*z - 5*x + 10, -2*z + 4*x + 15 = -3. Suppose 3*r = 5*v - 52 - 16, 4*r + 79 = -z*v. What are the prime factors of (-3)/r + (-11248)/(-56)?
3, 67
Let z be 439*(0 + (-2)/(-2)). Suppose -125 = 5*x + 1430. Let l = z + x. List the prime factors of l.
2
Let s be 1822/7 - (-6)/(-21). Suppose -4*l + 235 = 2*a - 7*a, 5*l + 5*a - s =